What is the remainder when (873/(-194))/(1/(-10)) is divided by 12?
9
Let n(w) = -w**2 - 25*w + 62. What is the remainder when 342 is divided by n(-24)?
84
What is the remainder when 164 is divided by (5 - 1)*6/(-5)*-5?
20
Let q(f) = f**2 + f + 9. What is the remainder when q(-7) is divided by 4*((-27)/(-2) + -9)?
15
Let g = -33 - -75. Let v(u) = -2*u + 7*u - 1 + 4*u**2 - 12 + 4*u. What is the remainder when g is divided by v(-4)?
12
Let h(n) = -n - 4. Let x be h(-7). Let s be x - (1 - (1 + -6)). What is the remainder when 53 is divided by -28*(-2)/4 + s?
9
Suppose -5*u + 4 = -3*u. Calculate the remainder when (3 + -2)*3*u is divided by (1/1*-6)/(27/(-18)).
2
Suppose 4*h + 6*b = 3*b + 171, 0 = 3*h + b - 122. What is the remainder when 76/1 + (1 - 2) is divided by h?
36
Let s(u) = 5*u - 3. Let v(y) = -y + 3. Let o be v(1). Suppose o*d - 4 = 0, 4*n - 133 = -4*d - 17. Calculate the remainder when n is divided by s(2).
6
Let s(p) = 2*p**2 - 1. Let y be s(-2). Let i be y*(-3)/42*-4. Let t = 51 + i. Calculate the remainder when t is divided by 14.
11
Let z = 2 + -27. Calculate the remainder when (-6)/15 - 160/z is divided by 2.
0
Let c be (-1 + -8 + 2)/1. Let q = 9 + c. Suppose 5*p = -q*x + 313, 0*x + x = 2*p - 127. Calculate the remainder when p is divided by 16.
15
Suppose -4*u + 17 = 4*a - u, 3*u - 1 = 4*a. Calculate the remainder when 5 is divided by a - (-3)/3 - 0.
2
Suppose 0 = 3*s - 14 + 2. What is the remainder when 17 is divided by s?
1
Let g(b) = -b**3 - 30*b**2 - 37*b + 160. What is the remainder when g(-29) is divided by 44?
40
Calculate the remainder when 182 is divided by (5/20)/((-1988)/(-496) - 4).
27
Suppose 5*g - 4*i - 124 = -5*i, -2*i = 2*g - 48. Let k = g - 22. Suppose 0 = 2*w + 4, -3*y + k*w = -42 - 0. What is the remainder when 21 is divided by y?
9
Let d(y) = -17*y**3 - 21*y**2 + 5*y - 6. Calculate the remainder when d(-3) is divided by 25.
24
Suppose -10*y - 50 = -880. What is the remainder when y is divided by 21?
20
Let u(q) = -10*q**2 + 3*q + 6. Let x(i) = 21*i**2 - 6*i - 13. Let c(o) = -13*u(o) - 6*x(o). What is the remainder when 42 is divided by c(-2)?
20
Let c = 1155 - 1148. Calculate the remainder when 136 is divided by c.
3
Suppose 0 = -61*a + 60*a - 44. What is the remainder when 23 is divided by (-2)/11 + (-228)/a?
3
Suppose 5*p = 9*p - 3*u - 1538, p - 2*u = 387. What is the remainder when p is divided by 77?
75
Suppose -7*j + 2*j + 370 = 0. Let l be (-2)/(-5) + 22/(-5). Calculate the remainder when j is divided by l/(-6)*285/10.
17
Suppose k - 7 + 11 = 0. Calculate the remainder when 96 is divided by (-1 + -2)*-10*k/(-6).
16
Let u(g) = -g**3 - 9*g**2 - 10*g - 2. Calculate the remainder when 180 is divided by u(-8).
12
Suppose 5*a + 2*n + 0*n - 64 = 0, -2*n + 52 = 4*a. Suppose 2*h + 106 = 2*r, 0*r = 2*r + 8. Let c = 103 + h. What is the remainder when c is divided by a?
10
Let f = 384 + -360. What is the remainder when 68 is divided by f?
20
Suppose 7*m = 8*m - 12. Suppose m = -3*r - 3*p, 2*r + 0*p + 5*p + 20 = 0. Suppose 2*z - 7*z + 455 = r. Calculate the remainder when z is divided by 23.
22
Let p(b) = 2*b**3 + b**2 - 2*b - 1. Let n be p(6). What is the remainder when 2/(-13) - (-7)/(n/2090) is divided by 13?
6
Let b(p) = 9*p - 2*p**3 + 3*p**3 + 2 - 10*p**2 + 3*p + 0*p. What is the remainder when 52 is divided by b(9)?
23
Let x = 42 + -22. Let y(v) = -3*v**3 - v**2 + 2*v - 7. Let l be (2 + 4/(-4))*(-3)/1. Calculate the remainder when y(l) is divided by x.
19
Let a(c) = -c**2 + 9*c + 24. Suppose -10 = 15*r - 16*r. Suppose 0*s = -s + 27. Calculate the remainder when s is divided by a(r).
13
Suppose 11*q - 8 = 7*q. Suppose -q*p + 220 = 3*p. Calculate the remainder when 173 is divided by p.
41
Let t be (-26)/(-8) - ((-78)/(-24) + -4). Suppose -t*l = -2*l - 24. What is the remainder when l is divided by 7?
5
Let f(z) = 24*z - 7 + 3 - z**3 - 7*z**2 + 11 - 10*z. What is the remainder when f(-10) is divided by 42?
41
What is the remainder when (-15)/((-855)/(-6)) - (-26000)/76 is divided by 58?
52
Let i(z) = -z**3 - 13*z**2 + 18*z + 1. Let b be i(-14). Let v = -38 - b. What is the remainder when v is divided by 9?
8
Let m(f) = -2*f**2 - 19*f + 9. Suppose 0 = -3*w - 3*o - 21, 3*w - 2*o + 15 = o. Calculate the remainder when 150 is divided by m(w).
48
Suppose -s + 3*c + 15 = -7, -c = -2*s + 19. Let g = s + -5. Suppose -6 = -2*u - g*y + 40, -5*u + 105 = -5*y. Calculate the remainder when 64 is divided by u.
20
Suppose -7*u - 632 + 1248 = 0. Calculate the remainder when u is divided by 78.
10
Suppose -5*w = 140 - 185. Let p = 80 + -29. What is the remainder when p is divided by w?
6
Let m = 588 + -490. What is the remainder when 579 is divided by m?
89
Suppose -7*j - 3*a - 486 = -10*j, -2*j + a = -320. Calculate the remainder when j is divided by 16.
14
Suppose -294 - 125 = -2*c - 5*w, 4*c - w - 849 = 0. What is the remainder when c is divided by 43?
40
Suppose -4*y + 59 = -9. Let j = -11 + y. Suppose -k - 240 = -j*k. What is the remainder when k is divided by 10?
8
Let q be (-12)/(-9) + (-3)/9. Calculate the remainder when 40 is divided by 14*(-4 - -5)/q.
12
Let w(c) = c**2 - c + 13. Let m(g) be the second derivative of -g**4/12 + g**3/2 + 9*g**2/2 + 9*g. Calculate the remainder when w(0) is divided by m(4).
3
Suppose 2*n = 80 + 672. Calculate the remainder when n is divided by 20.
16
Suppose 2*p - 5*m = 35, p + 4*m + 14 + 1 = 0. Suppose -p*y + 59 = -26. Suppose 70 = t + u, -2*t + 148 = 5*u - u. What is the remainder when t is divided by y?
15
Let d = -2268 - -3315. What is the remainder when d is divided by 15?
12
Let u = 249 - 58. Calculate the remainder when u is divided by 40.
31
Let j = -41 + 64. Suppose j - 151 = -2*c. Calculate the remainder when c is divided by 11.
9
Let n(t) = -t**2 + 9*t - 10. Let y be n(7). Let p = y - -5. What is the remainder when 23 is divided by p?
5
Suppose 313*c - 344*c = -2139. Calculate the remainder when 110 is divided by c.
41
Suppose -12*f + 2*t - 12 = -13*f, -3*f + t + 71 = 0. Calculate the remainder when 66 is divided by f.
0
Suppose 3*d - 5*f - 589 = 0, 0 = -4*d + 2*f + 637 + 139. Calculate the remainder when d is divided by 71.
51
Let q = 109 - 55. Suppose x = -q - 3. Let r = 94 + x. What is the remainder when r is divided by 13?
11
Let j(m) = 12*m**2 + 25*m - 102. What is the remainder when j(6) is divided by 164?
152
Let j = 174 - 167. What is the remainder when j is divided by (35/(-21))/((-2)/6)?
2
Suppose 28*s - 27*s = 41. What is the remainder when s is divided by 11?
8
Let g = 7 - -7. Let t(h) be the third derivative of h**5/60 - h**4/24 - h**3/6 - h**2. Calculate the remainder when g is divided by t(-2).
4
Let z = -21 + 96. Let b(n) = -n**3 - n**2 - n + 7. Let j be b(0). What is the remainder when z is divided by (-4)/(-2) + (20 - (j + -4))?
18
Let z(w) = 69*w - 257. What is the remainder when z(6) is divided by 34?
21
Suppose 3*q - 4*q = 3*p - 23, -q - 1 = 0. Suppose 15 = -7*y - 8*y. Calculate the remainder when (-2508)/(-198) + -1*y/3 is divided by p.
5
Let g(y) = -y**2 - 5*y + 3. What is the remainder when (-12)/(-10) + (-83804)/(-2555) is divided by g(-5)?
1
Let y = 44 + -24. Let j = y - 10. Calculate the remainder when 19 is divided by j.
9
Suppose 3*m = 7*m - 456. Let z = -42 + m. Calculate the remainder when z is divided by 25.
22
Suppose 3*o - 5*o = -2004. Suppose 15*i - o = -327. Calculate the remainder when 134 is divided by i.
44
Suppose 2*s + 22 = -4*g + 100, 4*g - 73 = 3*s. Calculate the remainder when 90 is divided by g.
14
Let o(k) = 8*k - 153. What is the remainder when o(28) is divided by 36?
35
Let z = -11 - -13. Let f(x) = -3*x + 3. Let n be f(-5). What is the remainder when 0 + -1 - (z - n) is divided by 8?
7
Let v = -651 - -709. What is the remainder when v is divided by 9?
4
Suppose 5*w - 2 = -7. Let m be 1/((w + -2)/(-6)). Suppose 6*r - m*r = 36. What is the remainder when r is divided by 3?
0
Let c = -42 + 72. What is the remainder when c is divided by 14?
2
Let v(k) = -23*k**2 + 2*k + 9. Let l(i) = -46*i**2 + 4*i + 19. Let s(o) = 6*l(o) - 13*v(o). What is the remainder when 35 is divided by s(-1)?
13
Let d = 2041 + -1348. Calculate the remainder when d is divided by 58.
55
Suppose 5*z = 17 + 38. Let r = 22 - z. What is the remainder when r is d